s of 20135.
5, 4027
List the prime factors of 1106919.
3, 11, 3727
List the prime factors of 141525.
3, 5, 17, 37
List the prime factors of 1645577.
607, 2711
What are the prime factors of 2809?
53
List the prime factors of 786080.
2, 5, 17
List the prime factors of 507173.
23, 22051
What are the prime factors of 416235?
3, 5, 27749
What are the prime factors of 5009934?
2, 3, 17, 49117
What are the prime factors of 241000?
2, 5, 241
List the prime factors of 1051651.
37, 43, 661
List the prime factors of 124146.
2, 3, 11, 19
What are the prime factors of 16599346?
2, 8299673
List the prime factors of 6831195.
3, 5, 7, 17, 43, 89
What are the prime factors of 4297949?
197, 21817
List the prime factors of 974451.
3, 47, 6911
What are the prime factors of 22771162?
2, 1117, 10193
What are the prime factors of 1249135?
5, 249827
List the prime factors of 167714.
2, 83857
What are the prime factors of 546574?
2, 7, 39041
What are the prime factors of 138768?
2, 3, 7, 59
List the prime factors of 2581106.
2, 11, 23, 5101
List the prime factors of 665310.
2, 3, 5, 67, 331
What are the prime factors of 58035?
3, 5, 53, 73
What are the prime factors of 4708905?
3, 5, 23, 13649
List the prime factors of 915939.
3, 101771
List the prime factors of 1252950.
2, 3, 5, 8353
List the prime factors of 417769.
11, 163, 233
List the prime factors of 6087017.
47, 67, 1933
List the prime factors of 427309.
427309
What are the prime factors of 558618?
2, 3, 93103
List the prime factors of 73063.
73063
List the prime factors of 195853.
7, 571
List the prime factors of 13747873.
13747873
List the prime factors of 462776.
2, 57847
What are the prime factors of 554286?
2, 3, 92381
List the prime factors of 28360.
2, 5, 709
List the prime factors of 39483.
3, 41, 107
What are the prime factors of 417084?
2, 3, 34757
What are the prime factors of 178582?
2, 29, 3079
What are the prime factors of 8165211?
3, 29, 127, 739
What are the prime factors of 95149?
17, 29, 193
What are the prime factors of 21870633?
3, 1367, 5333
What are the prime factors of 35389986?
2, 3, 5898331
What are the prime factors of 4481700?
2, 3, 5, 14939
List the prime factors of 143875.
5, 1151
What are the prime factors of 10212551?
167, 61153
List the prime factors of 864570.
2, 3, 5, 7, 23, 179
List the prime factors of 221237.
23, 9619
List the prime factors of 5251774.
2, 11, 23, 97, 107
What are the prime factors of 282659?
13, 17, 1279
What are the prime factors of 100460?
2, 5, 5023
List the prime factors of 241177.
241177
List the prime factors of 190347.
3, 67, 947
What are the prime factors of 2027654?
2, 1013827
List the prime factors of 7239982.
2, 3619991
What are the prime factors of 90610?
2, 5, 13, 17, 41
What are the prime factors of 5347841?
31, 167, 1033
List the prime factors of 247446.
2, 3, 59, 233
What are the prime factors of 195254?
2, 233, 419
List the prime factors of 86746.
2, 11, 3943
What are the prime factors of 1832651?
17, 67, 1609
List the prime factors of 62132.
2, 7, 317
What are the prime factors of 809128?
2, 101141
List the prime factors of 5751910.
2, 5, 59, 9749
What are the prime factors of 6443771?
29, 222199
What are the prime factors of 266140?
2, 5, 7, 1901
What are the prime factors of 921248?
2, 28789
What are the prime factors of 89427?
3, 13, 2293
List the prime factors of 53286.
2, 3, 83, 107
What are the prime factors of 30023697?
3, 11, 909809
List the prime factors of 511229.
37, 41, 337
List the prime factors of 1370097.
3, 41, 47, 79
List the prime factors of 162607.
113, 1439
What are the prime factors of 778783?
103, 7561
List the prime factors of 7824951.
3, 353, 821
List the prime factors of 2779605.
3, 5, 19, 3251
List the prime factors of 1191200.
2, 5, 1489
List the prime factors of 6589276.
2, 19, 277, 313
What are the prime factors of 129715?
5, 25943
What are the prime factors of 338032?
2, 37, 571
What are the prime factors of 151692?
2, 3, 12641
What are the prime factors of 37048?
2, 11, 421
List the prime factors of 1507370.
2, 5, 307, 491
List the prime factors of 11360.
2, 5, 71
What are the prime factors of 84313?
84313
What are the prime factors of 455514?
2, 3, 31, 79
What are the prime factors of 33504?
2, 3, 349
List the prime factors of 6789768.
2, 3, 282907
List the prime factors of 863681.
7, 13, 9491
List the prime factors of 1860.
2, 3, 5, 31
What are the prime factors of 7960368?
2, 3, 13, 12757
What are the prime factors of 844842?
2, 3, 139, 1013
What are the prime factors of 336513?
3, 23, 4877
What are the prime factors of 20134157?
41, 683, 719
List the prime factors of 866952.
2, 3, 12041
List the prime factors of 17426712.
2, 3, 31, 59, 397
What are the prime factors of 19455456?
2, 3, 202661
List the prime factors of 443950.
2, 5, 13, 683
List the prime factors of 3920490.
2, 3, 5, 7, 127
List the prime factors of 227054.
2, 107, 1061
List the prime factors of 242669.
7, 34667
What are the prime factors of 1074018?
2, 3, 11, 16273
What are the prime factors of 230304?
2, 3, 2399
What are the prime factors of 1842835?
5, 67, 5501
List the prime factors of 1411826.
2, 13, 4177
List the prime factors of 1610661.
3, 13, 41299
List the prime factors of 6330020.
2, 5, 316501
List the prime factors of 1863830.
2, 5, 29, 6427
What are the prime factors of 313338?
2, 3, 52223
What are the prime factors of 12011611?
12011611
List the prime factors of 2010529.
1303, 1543
List the prime factors of 1331783.
1331783
List the prime factors of 43091763.
3, 11, 13, 100447
List the prime factors of 4944579.
3, 19, 223, 389
List the prime factors of 84323.
37, 43, 53
List the prime factors of 10748166.
2, 3, 11, 13, 12527
List the prime factors of 232684.
2, 58171
List the prime factors of 1746310.
2, 5, 174631
What are the prime factors of 148149?
3, 31, 59
List the prime factors of 461932.
2, 23, 5021
List the prime factors of 1358201.
13, 191, 547
What are the prime factors of 5540366?
2, 13, 213091
What are the prime factors of 63914?
2, 31957
What are the prime factors of 987723?
3, 11, 907
What are the prime factors of 19955114?
2, 211, 47287
List the prime factors of 160802.
2, 37, 41, 53
What are the prime factors of 200854?
2, 29, 3463
List the prime factors of 18458676.
2, 3, 512741
List the prime factors of 359434.
2, 179717
List the prime factors of 23829804.
2, 3, 661939
List the prime factors of 6563391.
3, 43, 83, 613
List the prime factors of 63665.
5, 7, 17, 107
List the prime factors of 1168898.
2, 181, 3229
List the prime factors of 288654.
2, 3, 48109
What are the prime factors of 178060?
2, 5, 29, 307
What are the prime factors of 113396?
2, 28349
List the prime factors of 209462.
2, 11, 9521
List the prime factors of 3435900.
2, 3, 5, 13, 881
What are the prime factors of 2420188?
2, 17, 35591
List the prime factors of 12023992.
2, 71, 21169
List the prime factors of 18048790.
2, 5, 23, 97, 809
List the prime factors of 520742.
2, 83, 3137
What are the prime factors of 200800?
2, 5, 251
What are the prime factors of 6394?
2, 23, 139
List the prime factors of 14014925.
5, 560597
List the prime factors of 119052.
2, 3, 3307
List the prime factors of 31206556.
2, 193, 40423
What are the prime factors of 616932?
2, 3, 17137
List the prime factors of 13770789.
3, 31, 148073
List the prime factors of 67521.
3, 71, 317
List the prime factors of 3973814.
2, 13, 152839
List the prime factors of 286150.
2, 5, 59, 97
What are the prime factors of 112346?
2, 13, 29, 149
List the prime factors of 869522.
2, 434761
What are the prime factors of 416656?
2, 26041
List the prime factors of 938218.
2, 59, 7951
List the prime factors of 482704.
2, 30169
List the prime factors of 514603.
47, 10949
What are the prime factors of 3071101?
11, 17, 1493
List the prime factors of 10329434.
2, 5164717
What are the prime factors of 203366?
2, 23, 4421
What are the prime factors of 719283?
3, 19, 12619
List the prime factors of 1547374.
2, 17, 71, 641
What are the prime factors of 890988?
2, 3, 7, 10607
List the prime factors of 454770.
2, 3, 5, 31, 163
List the prime factors of 22641109.
67, 181, 1867
List the prime factors of 2021514.
2, 3, 11, 109, 281
List the prime factors of 830654.
2, 11, 17, 2221
What are the prime fac